he prime factors of m(f)?
2, 3
Let t be (1/((-4)/(-22)))/(6/12). Let o(y) = -t - 1 + y**2 + 9 + 21*y + 11. List the prime factors of o(-22).
2, 3, 5
Let j(m) = -11350*m**3 - m**2 + 17*m + 19. What are the prime factors of j(-1)?
11351
List the prime factors of ((-125)/25 + 158/8)/((-1)/(-200)).
2, 5, 59
Let m(p) = -p**3 + 14*p**2 + 14*p + 10. Let d be m(13). Let o = -54 + d. What are the prime factors of o?
307
Suppose -h - 34589 = -6*i, -i = -2*h - 4547 - 1216. What are the prime factors of i?
5, 1153
Let o(g) = 622*g**3 + 2*g - 2. Let k be o(1). Let t = k + 423. List the prime factors of t.
5, 11, 19
Suppose -3*s + 9*s = -3*c + 214980, -3*s - 2*c = -107488. What are the prime factors of s?
2, 3, 1493
What are the prime factors of (-95)/4*2*(56 + -374)?
3, 5, 19, 53
Let c be (10*90/(-24))/(3/(-6)). Suppose 0 = y + c - 167. What are the prime factors of y?
2, 23
Let b(f) = f - 1 + f**3 + 92*f**2 - 4 - 104*f**2. Let y(a) = 1. Let o(d) = b(d) + 2*y(d). What are the prime factors of o(12)?
3
Suppose -5*l - b = -740, 0 = -3*l + 7*l + 5*b - 613. Let m = l + 255. What are the prime factors of m?
2, 3, 67
Let g be 6/(-4)*(-280)/20. Suppose g*h = h + 5940. What are the prime factors of h?
3, 11
Let r be -4 - (-11)/2 - (-93)/(-6). Let s(g) = -g - 21. Let n be s(r). Let w(a) = a**3 + 9*a**2 - 20*a - 14. What are the prime factors of w(n)?
2, 7
Let k = 6196 + 8122. List the prime factors of k.
2, 7159
Let h(g) = g**3 + 15*g**2 - 18*g + 68. Let k(c) = -7*c - 44. Let a be k(-4). List the prime factors of h(a).
2, 5
Let g(x) = 2*x**3 + 4*x**2 - 31*x + 135. What are the prime factors of g(7)?
2, 5
Let k be (-795)/((1/4)/(8/(-24))). List the prime factors of (180/336 - 2/7)*k.
5, 53
Suppose 0 = 5*k - 8*g + 7*g - 66983, 2*g = 5*k - 66981. List the prime factors of k.
13397
What are the prime factors of 0/((-60)/(-15)) - -24217?
61, 397
Let y be (-2)/4 - (-4293)/18. Let d = -135 + y. What are the prime factors of d?
103
Suppose 168 = 6*b - 0*b. Suppose -5*z + 228 = b. Let c = z - -44. What are the prime factors of c?
2, 3, 7
Let s(q) = -q**3 + 9*q**2 - 5*q. Let a be s(2). List the prime factors of (2484/30)/(a/60).
2, 3, 23
Let n = 50 + -48. Suppose 0 = n*f - j - 784, -2*f = -5*j - 27 - 749. List the prime factors of f.
3, 131
Suppose 10 = 3*w + a, -18*w - 5*a - 15 = -16*w. Suppose 4593 = 5*i + 4*o, -w*i - 3*o = -2*o - 4602. What are the prime factors of i?
3, 307
What are the prime factors of 471310/63 - (5 + (16/(-18) - 4))?
7481
Suppose 2*y - 5*x + 33 = -0*x, -4*x = -3*y - 32. What are the prime factors of (-15)/(33/(-8) - y)?
2, 3, 5
Let c(a) = -5497*a - 176. What are the prime factors of c(-1)?
17, 313
Suppose 2*c + 24 = 3*u - 0*c, 4*u - 30 = 2*c. Suppose 5*q - 137 = u*q. Let y = q + 254. List the prime factors of y.
3, 13
List the prime factors of (-7 - 27420/108)*2745/(-10).
2, 61, 587
Let f = -89 + -332. Let i = f - -998. List the prime factors of i.
577
What are the prime factors of (-16)/4 + 61197 + 8 + -1?
2, 3, 5, 17
Let u = -54 + 58. Suppose -s + 5*s + u*i - 80 = 0, s = 3*i + 20. Let h = s + 12. List the prime factors of h.
2
Suppose -2*o + 5*z = -60640, 0 = 5*o - 2*z - 28001 - 123599. List the prime factors of o.
2, 5, 379
Suppose 49954 - 575883 = -15*f - 2*f. What are the prime factors of f?
30937
Suppose 4*h = -3*r - 47, -2*h - 2 = -h. Let x(a) = -31*a - 30. List the prime factors of x(r).
373
Suppose -25 = -5*t, 29*h - 4*t = 30*h - 28083. List the prime factors of h.
7, 19, 211
Suppose 4*s = -2*h + 42, -2*h + 18 = s + 3. Suppose -w + 2*w = s. Suppose -1 + w = 2*v. List the prime factors of v.
2
Suppose 5*x + 4*l - 48153 = 0, -5*x + 48139 = -94*l + 91*l. What are the prime factors of x?
9629
Suppose 3*s = 2*l - 2, 5*l + s - 10 = 3*l. Suppose -14742 = -256*t + 373*t. List the prime factors of (-6)/(l + 508/t).
3, 7
Let z = -1586 + 1111. Let i = z - -845. What are the prime factors of i?
2, 5, 37
Let a(u) = -61*u - 33. Let z be a(-12). Let c be 12/42 + (z/(-7))/3. Let j = c + 58. What are the prime factors of j?
5
Let q(z) = 66*z**2 + 562*z - 44. What are the prime factors of q(9)?
2, 5, 7, 37
Suppose k - 20 = -3*k. Let z be 1/(-5)*(-10 - k). Suppose 2*r + 5*n = 113, 5*r - z*r - 93 = -n. What are the prime factors of r?
2, 11
Let u be (4328/4)/(-1) + 5. Let q be ((-2)/(-2))/(u/269 - -4). Let o = q - -518. What are the prime factors of o?
3, 83
Let o be 26/12 + 16/(-96). Suppose -9 = -3*z - 3*l, 3*l - 7*l = -z - o. What are the prime factors of ((-176)/33)/(z/(-48))?
2
Let s(w) = 137*w**2 + 7*w + 11. Let g be s(4). Suppose -g = 10*n - 6511. Suppose -2*r + n = 14. What are the prime factors of r?
3, 23
Suppose 114*t - 113*t = -34. Let c(n) = n**2 + 15*n + 4. What are the prime factors of c(t)?
2, 5, 13
What are the prime factors of -569*(1 - 9) + 6?
2, 43, 53
Let f(h) = -h**2 + 9*h - 6. Let n be f(8). Let r be n*(1 + (-130)/(-4)). Let y = r - 42. What are the prime factors of y?
5
Suppose 0 = -a - 3*a + 6*b + 21710, -4*a - 3*b + 21683 = 0. List the prime factors of a.
11, 17, 29
Suppose -9*l + 990 = -540. Suppose 12*d - l = 34. What are the prime factors of d?
17
What are the prime factors of -1 - (5 - (-52115)/(-7))?
43, 173
Let k = 4689 + 25714. What are the prime factors of k?
30403
Let j be 8177/15 - (1 - (-26)/(-30)). Suppose -3*g = f - 144, -201 - j = -5*f - 2*g. List the prime factors of f.
2, 3, 5
Suppose -3*y + 293 = 5*i + 83, -5*i = 4*y - 280. Let p = -60 + 43. Let h = y - p. What are the prime factors of h?
3, 29
What are the prime factors of 43445*-6*1*3/(-18) - -8?
19, 2287
Let i = 88962 - 58711. What are the prime factors of i?
13, 179
Let m = 99 - -145. Let l = m + -146. What are the prime factors of l?
2, 7
Let z = -61 - -90. Suppose 31*u = z*u + 720. List the prime factors of u.
2, 3, 5
Let m(x) = -14*x + 2 + 3*x**2 - 21 - 4. Suppose -1068*z - 825 = -1143*z. List the prime factors of m(z).
2, 3, 31
Let z(a) = 11 + 5 - 5 + a. Let h be z(-11). Suppose h = -4*u + 3*j + 435, -4*u = -0*u - j - 441. List the prime factors of u.
3, 37
Let v(b) = -76*b + 347. Let s = 270 + -275. List the prime factors of v(s).
727
Let z be (1 - (-35)/(-15))/(8/(-18)). Suppose 7*t - 9*t + 4 = 0. Suppose z*i + 359 = t*u + 56, 4*i - 296 = -2*u. List the prime factors of u.
2, 3, 5
Let k = 43 + -52. Let x(f) = -f**2 + 9*f + 13. Let b be x(k). Let v = -103 - b. List the prime factors of v.
2, 23
Let h = 11186 + 23315. List the prime factors of h.
34501
Let r = 436 + -508. What are the prime factors of (-4095)/26*r/15?
2, 3, 7
Let q be (-2)/3 + (-15)/9*-4. Suppose 0 = 3*x - 4*p - 781, q*p - 2*p + 1036 = 4*x. List the prime factors of x.
3, 5, 17
Let b be 2*(-1 - -2) + -14. Let i(z) = z**3 - 3*z**2 - 13*z + 29. Let k be i(5). Let f = b + k. What are the prime factors of f?
2
What are the prime factors of 17/(425/75540)*((-108)/(-8) + -6)?
2, 3, 1259
Let m be 150 + 3/(-1)*1. Let w = 33 + m. Suppose 0 = 3*y + 4*t - 537, -y + 2*y = -t + w. List the prime factors of y.
3, 61
Suppose -3*r + 1 = 16, -3*b - 5*r = 337. Let y = b - -556. List the prime factors of y.
2, 113
Let m(r) = -2*r + 12. Let u be m(5). Let a be (u*123/(-6))/((-1)/2). Suppose -4*d = -y + a - 455, 364 = 4*d - 4*y. List the prime factors of d.
2, 47
Let u = -35422 - -59844. What are the prime factors of u?
2, 12211
Suppose 2*b + 1794 + 424 = 0. Let t = b - -1833. List the prime factors of t.
2, 181
Suppose -4*m + 5*m + 5*f - 255 = 0, m - 2*f - 290 = 0. Let h = 421 - m. List the prime factors of h.
3, 47
List the prime factors of (-84726)/(-18)*40/15 - -1*3.
3, 5, 31
Let h(w) be the third derivative of w**6/40 - 2*w**5/15 + 5*w**4/24 - 3*w**3/2 + 894*w**2. Let t be (-3)/(6/2)*-5. List the prime factors of h(t).
191
Let x be 0/(-7)*1 - (-7 + 1). Suppose -4 = x*h - 7*h. Suppose -4*j = 2*w - 486, -w - 128 = h*j - 609. What are the prime factors of j?
7, 17
Let r(a) = 21*a**2 + a - 55. Suppose -2*o + 32 = -2*d + 42, -3*o + 41 = 5*d. List the prime factors of r(d).
3, 109
Let b(a) = -a**3 + 18*a**2 + 22*a - 53. List the prime factors of b(12).
5, 43
Suppose 14*r - 8*r - 330 = 0. Suppose -5*f = -3*j - r + 218, -j + 52 = -4*f. Suppose 4*y + 4*i - j = 0, 2*y - 60 = 4*i - 8. List the prime factors of y.
2, 3
Suppose 2*p = -0*p + 5*v + 658, p - 332 = v. Let t = p + -516. Let g = t + 302. List the prime facto